ist the prime factors of 190294110.
2, 3, 5, 234931
What are the prime factors of 1346864112?
2, 3, 11, 94477
List the prime factors of 128214237.
3, 719, 59441
List the prime factors of 1594518902.
2, 797259451
What are the prime factors of 344991652?
2, 389, 221717
List the prime factors of 63332932.
2, 13, 1217941
What are the prime factors of 12019153?
17, 19, 127, 293
What are the prime factors of 56167444?
2, 47, 167, 1789
List the prime factors of 1510339369.
7, 11, 19614797
List the prime factors of 269078820.
2, 3, 5, 29, 154643
What are the prime factors of 4127935205?
5, 825587041
List the prime factors of 40226668.
2, 109, 257, 359
What are the prime factors of 101015418?
2, 3, 7, 269, 8941
What are the prime factors of 26190506?
2, 17, 770309
What are the prime factors of 133204700?
2, 5, 1332047
What are the prime factors of 4639754100?
2, 3, 5, 59, 262133
What are the prime factors of 55679417?
3019, 18443
What are the prime factors of 59663431?
229, 260539
List the prime factors of 102981946.
2, 149, 345577
List the prime factors of 804956076.
2, 3, 7453297
What are the prime factors of 27736434?
2, 3, 11, 71, 1973
List the prime factors of 459837148.
2, 17, 23399
List the prime factors of 460731673.
431, 677, 1579
List the prime factors of 705466037.
61, 11565017
List the prime factors of 425122711.
13, 37, 67987
What are the prime factors of 870867264?
2, 3, 1069, 4243
List the prime factors of 2456980396.
2, 13, 2851, 16573
What are the prime factors of 1111285?
5, 7, 31751
What are the prime factors of 3911173510?
2, 5, 17, 23006903
List the prime factors of 1118886909.
3, 7, 17, 107, 1723
What are the prime factors of 15350089?
59, 260171
What are the prime factors of 56759693?
4259, 13327
What are the prime factors of 16855311?
3, 11, 510767
List the prime factors of 166564126.
2, 157, 571, 929
What are the prime factors of 75567600?
2, 3, 5, 6997
List the prime factors of 8645956.
2, 11, 196499
What are the prime factors of 6312509746?
2, 47, 67154359
What are the prime factors of 41136712?
2, 5142089
What are the prime factors of 1762906319?
1607, 1097017
What are the prime factors of 370424661?
3, 43, 2871509
What are the prime factors of 1919787538?
2, 959893769
What are the prime factors of 148255592?
2, 1553, 11933
What are the prime factors of 180365653?
13, 1129, 12289
List the prime factors of 1009849336.
2, 997, 126611
What are the prime factors of 4226398710?
2, 3, 5, 127, 1109291
List the prime factors of 158460368.
2, 11, 269, 3347
What are the prime factors of 2246917456?
2, 7, 2887, 6949
List the prime factors of 296356117.
61, 4858297
List the prime factors of 132269030.
2, 5, 13226903
List the prime factors of 6469872657.
3, 53, 71, 277, 2069
List the prime factors of 72649044.
2, 3, 13, 11941
List the prime factors of 264063396.
2, 3, 1583, 13901
What are the prime factors of 1481006385?
3, 5, 32911253
List the prime factors of 158307027.
3, 29, 41, 44381
What are the prime factors of 5778798709?
29, 67, 569, 5227
List the prime factors of 2130880136.
2, 7, 11, 43, 80447
What are the prime factors of 82496219?
13, 59, 1823
What are the prime factors of 398561044?
2, 7, 14234323
What are the prime factors of 519204665?
5, 7, 14834419
What are the prime factors of 2393434213?
2393434213
List the prime factors of 4309127254.
2, 2154563627
List the prime factors of 264341558.
2, 13, 10166983
What are the prime factors of 34272451?
59, 580889
List the prime factors of 4264049962.
2, 8807, 242083
What are the prime factors of 172658109?
3, 13, 4427131
What are the prime factors of 30382583?
7, 11, 394579
List the prime factors of 161485300.
2, 5, 23, 61, 1151
List the prime factors of 1429116717.
3, 7, 107, 367, 1733
What are the prime factors of 2610139717?
2591, 1007387
What are the prime factors of 312746797?
11, 28431527
List the prime factors of 3401386815.
3, 5, 613, 369917
What are the prime factors of 225948888?
2, 3, 11, 285289
List the prime factors of 67100035.
5, 2971, 4517
What are the prime factors of 558121326?
2, 3, 7, 13288603
What are the prime factors of 449858448?
2, 3, 13, 26701
List the prime factors of 2268366846.
2, 3, 378061141
What are the prime factors of 169692946?
2, 17, 31, 131, 1229
List the prime factors of 644001844.
2, 161000461
List the prime factors of 3795663217.
317, 11973701
What are the prime factors of 1194486545?
5, 7, 409, 83443
List the prime factors of 41594661.
3, 1540543
What are the prime factors of 305974938?
2, 3, 50995823
List the prime factors of 76742850.
2, 3, 5, 277, 1847
What are the prime factors of 51110019?
3, 19, 15731
What are the prime factors of 61529593?
61529593
List the prime factors of 42219948.
2, 3, 3518329
List the prime factors of 17279175.
3, 5, 230389
List the prime factors of 47018779.
103, 269, 1697
What are the prime factors of 214122517?
7, 227, 134753
List the prime factors of 315911062.
2, 19, 8313449
What are the prime factors of 34807850?
2, 5, 7, 11, 9041
What are the prime factors of 534258714?
2, 3, 11, 8094829
List the prime factors of 1072138347.
3, 7, 17018069
What are the prime factors of 1712875547?
61, 28079927
List the prime factors of 41632359.
3, 13877453
List the prime factors of 525102625.
5, 4200821
What are the prime factors of 186302791?
53, 3515147
What are the prime factors of 164945136?
2, 3, 3436357
List the prime factors of 1937467536.
2, 3, 6257, 6451
What are the prime factors of 230187764?
2, 47, 1224403
List the prime factors of 107913255.
3, 5, 19, 71, 5333
What are the prime factors of 67290354?
2, 3, 3738353
What are the prime factors of 4899869855?
5, 37, 26485783
What are the prime factors of 171618087?
3, 41, 383, 3643
What are the prime factors of 27362191?
27362191
What are the prime factors of 12332134?
2, 29, 149, 1427
List the prime factors of 2796566930.
2, 5, 37, 7558289
What are the prime factors of 1044563326?
2, 53, 9854371
List the prime factors of 8117689291.
2677, 3032383
List the prime factors of 51470041.
7, 29, 1249
List the prime factors of 1873639496.
2, 17, 433, 31817
What are the prime factors of 3315484660?
2, 5, 165774233
List the prime factors of 113656772.
2, 28414193
What are the prime factors of 3867805449?
3, 429756161
List the prime factors of 4083472391.
307, 13301213
List the prime factors of 153350948.
2, 17, 2255161
What are the prime factors of 129494031?
3, 41, 1052797
List the prime factors of 103710949.
19, 5458471
What are the prime factors of 114821880?
2, 3, 5, 956849
What are the prime factors of 69572551?
17, 4092503
List the prime factors of 486151953.
3, 7, 353, 65581
List the prime factors of 436412654.
2, 218206327
List the prime factors of 1100053397.
109, 10092233
List the prime factors of 4819965619.
7, 19, 29, 113, 11059
List the prime factors of 174540050.
2, 5, 167, 20903
List the prime factors of 86364881.
433, 199457
List the prime factors of 106520986.
2, 11, 13, 372451
What are the prime factors of 226200863?
7, 257, 125737
What are the prime factors of 132423829?
17, 79, 151, 653
List the prime factors of 213128699.
7, 107, 284551
What are the prime factors of 143544227?
59, 311, 7823
What are the prime factors of 1226787630?
2, 3, 5, 19, 73, 29483
List the prime factors of 5573991314.
2, 17, 3851, 42571
What are the prime factors of 12353961?
3, 4117987
What are the prime factors of 1349483558?
2, 674741779
List the prime factors of 64103601.
3, 29, 736823
List the prime factors of 189610418.
2, 17, 5576777
List the prime factors of 24858731.
839, 29629
List the prime factors of 59513544.
2, 3, 79, 10463
What are the prime factors of 2575848?
2, 3, 11, 887
List the prime factors of 831824941.
47, 17698403
List the prime factors of 553379969.
553379969
List the prime factors of 2216351651.
29, 76425919
List the prime factors of 149587949.
7, 239, 89413
List the prime factors of 362921485.
5, 23, 3155839
List the prime factors of 259237721.
269, 963709
What are the prime factors of 39280151?
1543, 25457
What are the prime factors of 294879796?
2, 277, 266137
List the prime factors of 2478019672.
2, 19, 509, 32029
List the prime factors of 4372321.
4372321
List the prime factors of 173615816.
2, 11, 587, 3361
What are the prime factors of 34